 Suppose 0*z - z + 35 = -b, -2*z = 5*b + 189. Let t = b + 31. What is p(t)?
3
Let l(y) = y + 1. Let m be ((-4)/10)/(2/20). Let f be (4/m)/((-4)/(-44)). Let u = -9 - f. What is l(u)?
3
Suppose -60 = -b - b. Suppose -3*k = 5*j - j - 14, -b = -4*j + 5*k. Suppose j*f - 21 = 9. Let u(v) = v - 4. Calculate u(f).
2
Suppose -4*b - 53 = 5*t, 5*t - t = -5*b - 55. Let w(l) = -3*l - 2. Give w(b).
19
Let v(j) = 51*j**3 - 26*j**3 - 5*j**2 + 1 + 26*j**3 + 3*j**2 + 19*j**3. What is v(-1)?
-71
Let a(s) be the second derivative of s**4/12 - 5*s**3/6 + s**2/2 + s. Let w(i) = i**2 + 2*i - 13. Let v be w(-5). Determine a(v).
-5
Let i(p) = 2*p**2 - 3*p - 1. Let m = 82 - 81. Suppose 4*r = -m + 13. Determine i(r).
8
Let q(r) = r**3 + r**2. Let h(u) = 7*u**3 + 29*u**2 - 23*u + 27. Let b(k) = -h(k) + 6*q(k). Give b(-24).
-3
Let v(x) be the first derivative of -4*x**3/3 + 3*x**2/2 - 2*x - 3. Let o(b) = -5*b**2 + 3*b - 2. Let f(g) = -3*o(g) + 4*v(g). Determine f(4).
-6
Let l(g) be the first derivative of g**4/4 - 5*g**3/3 - 3*g**2 - 8*g - 3. Let j(f) = f + 20. Let r be j(-14). What is l(r)?
-8
Let v(u) = -5*u - 6. Let i(n) be the second derivative of n**3/6 + n**2/2 + 2*n. Let r(w) = -11*i(w) - 2*v(w). What is r(0)?
1
Let a(q) = q. Let h(p) = p**2 - 4*p - 13. Let d be h(6). Let r(s) = 6*s - 3. Let x(f) = d*r(f) + 15*a(f). Determine x(-2).
-15
Let l(u) = -4 + 0 - u**2 + 1. Let c be (2 + -2)*-1*(-43 + 44). Calculate l(c).
-3
Let y(c) = 53*c - 23*c + c**2 - 7*c + 7 - 16*c. Give y(-6).
1
Let w(z) be the first derivative of -z**2/2 + 14*z + 61. What is w(5)?
9
Let f = 107 - 104. Let h(t) = 4*t + 2*t - t - 4. Determine h(f).
11
Let v(z) = -z**3 + 2*z**2 + z + 4. Let m(d) = -2*d**2 + 1. Let l(f) = -4*m(f) - v(f). Calculate l(-6).
-2
Let u(d) be the second derivative of 9*d**3/2 - d**2/2 - 1119*d. Give u(2).
53
Let t(b) = -b**2 - 8*b - 12. Let n be t(-3). Let g be (9 - 6)*1/n. Let a(u) = 4*u**2 - 1. What is a(g)?
3
Let q(j) = -4*j + 3. Let k = 1010 + -1007. What is q(k)?
-9
Let l(f) = -f - 8. Let w(x) = 1. Let m(g) = -l(g) - 3*w(g). Suppose 21 = -0*q - 3*q. Let b(i) = i**2 + 6*i - 10. Let d be b(q). Calculate m(d).
2
Let x(a) = 4*a + 10. Let d(j) = -19*j + 663. Let y be d(35). Calculate x(y).
2
Let q(i) = -i + 0*i + 15 + 4*i - i**2 - 20. Calculate q(4).
-9
Suppose 2*r - 12 = -0*r + 3*d, -d = -3*r + 25. Suppose -r = o - 7. Let y(l) = -l**3 - 3*l**2 - 2*l - 3. Calculate y(o).
-3
Let c(o) = o - 19. Let b(q) = -10. Let h(n) = -7*b(n) + 3*c(n). Calculate h(-7).
-8
Let u(b) = -b**3 + 10*b**2 + b - 18. Let p be u(10). Let l be 0 + 0 + (p - 8/(-4)). Let r(q) = q - 7. Calculate r(l).
-13
Suppose 4*v - 4*o - 67 = o, 2*v - o = 41. Let r(g) = 1 + v*g + 22*g - 42*g. Determine r(-2).
-5
Let x(r) = r**2 + 0*r**2 - 5 - 8*r**2 + r**2 + 12 - r**3 + 7*r. Calculate x(-6).
-35
Let a be (-3)/6 + (-6)/(-4). Let h(k) = -13*k - 2 + 11*k - 2 + a. Calculate h(-6).
9
Let g(j) = -j**3 - 4*j**2 + 13*j + 8. Let i = -33 - -27. Give g(i).
2
Suppose y - 3*g = 21, 0 = -0*y - y + 2*g + 17. Let q(b) = -7*b**2 + y - 6*b - 7 + b**3 + 7*b. Give q(7).
9
Let b(a) = -6*a + 11*a - 2*a - 6*a + 2 + 2*a**2 + a**3. Calculate b(2).
12
Let g(s) = -s**3 + 7*s**2 - 10*s + 7. Let o be g(5). Let z(q) = 10 - 11 - q + 10. Determine z(o).
2
Let k(l) be the third derivative of -l**6/120 + l**5/15 - l**4/12 + l**3 + l**2. Let b = 44 + -36. Suppose 5*a - 7*a + b = 0. Give k(a).
-2
Suppose -12 = 10*a - 42. Let z(i) = 4*i - 3 - 5 - 7 + 11 + i**a - 6*i**2. Determine z(4).
-20
Let v(n) = -4*n**2 + 15*n - 10. Let s(q) = q**2 - 5*q + 3. Let p(g) = 7*s(g) + 2*v(g). Let m be p(-4). Let r(y) = 3 - 2*y + 4 - 5*y + 4*y. Give r(m).
-8
Let n(r) = r - 20*r**2 + 0*r**3 + 18*r**2 - r**3 - 4. Let m be n(-3). Let l(s) = 2 - 3 + 7*s**2 - 4*s**m - 1 - 2*s. What is l(2)?
6
Let i(t) = -16*t + 3. Let q be i(-2). Let y be 1/(-1)*(6 - q). Suppose -5*m = k - 4 + y, 0 = -2*k - 4*m - 20. Let h(l) = -l. Calculate h(k).
0
Let j(i) = -18*i**2 + 8*i + 38. Let b(o) = -10*o**2 + 5*o + 20. Let y(d) = -7*b(d) + 4*j(d). Calculate y(-3).
3
Suppose 84 = 3*o - 132. Let c = o + -72. Let u(a) = a**2 + a + 5. Give u(c).
5
Let w be 4 + -2 - (-3 - 0). Suppose -3*h - w*b = -23, h + 2*b - 32 = -4*h. Let q(c) = 0*c + 5*c + 2 - 1 - h*c. Determine q(4).
-3
Let f = 278/57 + -80/19. Let w(k) be the second derivative of 0 + 1/6*k**4 + 3*k + 0*k**2 - f*k**3. Give w(3).
6
Let x(h) = -6*h**3 - 3*h**2 + 4*h. Let s be ((-8)/24)/((-2)/(-30)) + 2. Let j(i) = -6*i**3 - 2*i**2 + 3*i. Let g(n) = s*x(n) + 4*j(n). Calculate g(1).
-5
Suppose 32 = 5*n - 23. Suppose 6*m = n*m - 5. Let h(b) = 3*b - m - b + 1. Calculate h(6).
12
Let i = 27 - 22. Suppose -4*h = 4*s + 24, i*h + 31 = -5*s + s. Let y(w) = 8*w**2 + 4*w + w**3 + 2*w - 1 + 0*w. What is y(h)?
6
Let m be 1007/2067 - 4/26. Let f(p) be the first derivative of -3/2*p**2 - 7 - m*p**3 + 2*p. Determine f(-4).
-2
Let v(y) = -y**3 + 3*y**2 + 2*y - 1. Suppose 2*p = -4, 4*b + 2*p + 2 + 6 = 0. Let s(u) = 19*u**2 + 2*u + 2. Let r be s(b). Let a = -17 + r. Determine v(a).
7
Let g(f) = -5*f**3 - 19*f**2 + 9*f + 3. Let p(m) = -7*m**3 - 30*m**2 + 14*m + 5. Let u(d) = 8*g(d) - 5*p(d). What is u(1)?
-6
Let z(v) = -49*v + 146*v - 4 - 50*v - 50*v + v**3 - 4*v**2. What is z(5)?
6
Let v(r) = 858 - 4*r + 856 + r**2 - 1718. Determine v(5).
1
Let z = 51 + -31. Let a = 17 - z. Let d(f) = -f**2 - f. Give d(a).
-6
Let t = 923 + -923. Let g(q) = q**2 - 2*q + 7. Give g(t).
7
Let j be ((-20)/(-35))/(1/7). Let g(o) = -j*o + 2*o - 1 + o + 0*o. Determine g(-6).
5
Suppose -4*l + 30 = 34. Let g(b) = 7*b + 1. Determine g(l).
-6
Let v(w) = w**2 + w - 9. Suppose -5*h = -3*t + 21, -h + 11 = -4*t + 39. Suppose 4*q - t*q = 0. Give v(q).
-9
Let d(z) = z + 12. Let u be d(-10). Let g(j) = 2*j**3 + j - u*j**3 + 17*j**2 - 22*j**2 + 7 - j**3. Suppose -10 = -0*o + 2*o. What is g(o)?
2
Let q(i) = -2*i**2 - 2. Let c(k) = -k + 9. Let u be c(5). Let j(h) = 3*h**2 + h + 3. Let x(d) = u*q(d) + 3*j(d). Calculate x(-2).
-1
Suppose -h - 15*f - 16 = -12*f, -h = -5*f - 24. Let x(u) = -18*u - 5. Give x(h).
13
Suppose 0 = -t - 82 + 83. Let v(s) = 2*s**3 - s**2 - s + 1. Give v(t).
1
Suppose 5*c = -l + 22, 4*l - c = 3 + 1. Suppose -l*i + a = -6*i + 17, 0 = 4*i - 2*a - 2. Suppose -3 = -2*q + i*q. Let f(k) = k**2 + 5*k + 1. Give f(q).
-5
Let p(l) = 3*l. Let m be p(1). Let n(s) = -1 + s - 3*s - 4*s + m*s. Calculate n(5).
-16
Let q(t) = 5*t - 6. Let r be 0/(-1 + 0 + -7). Give q(r).
-6
Let n(b) = 0*b + 3*b - b + b**3 + 6*b**2 + 6. Let d be (18/(-2) + 3)/(39/39). What is n(d)?
-6
Let p(z) be the first derivative of -z**5/20 - z**4/4 + z**3/6 - 3*z**2/2 - 38*z - 3. Let i(r) be the first derivative of p(r). Calculate i(-4).
9
Let u(w) = w**3 + w**2 - 5*w - 4. Let p be 6/4 - (-45)/(-10). Give u(p).
-7
Let d = -10 - -6. Let q(a) be the first derivative of -a**3 + 3*a**2 + a - 37. Let b(v) = -4*v**2 + 7*v + 2. Let o(m) = d*b(m) + 5*q(m). Give o(2).
5
Let i(n) be the third derivative of -n**5/60 + 5*n**4/24 + n**3/6 + 16*n**2 - 3. Give i(9).
-35
Let z(r) be the second derivative of -5*r**4/6 - r**3/6 + r**2/2 - 69*r. Suppose -5*n + 0*n + 5 = 0. What is z(n)?
-10
Let s be (2 - (-10)/(-4))*2. Let j(k) = 2055*k**2 + 3 + k - 2 + 0 - 2065*k**2. What is j(s)?
-10
Let s(o) = -o**2 + o - 2. Let j = 5 - -27. Let k = 32 - j. Determine s(k).
-2
Let m(u) = 2*u - 3. Let c be (-4)/(-12) - 32/(-12). Suppose 1 = -c*t + 3*s + s, 5*t - s = 21. Suppose -15 - 5 = -t*i. Calculate m(i).
5
Suppose 78*p = 37*p + 246. Let j(y) = -4*y + 19. Calculate j(p).
-5
Let g(t) = -60 + t**3 + 97 - 42 + t**2 - 34. Give g(0).
-39
Let f(o) = o**3 + o**2 + o - 8. Suppose 6*h - 12*h = 0. Give f(h).
-8
Let b(a) be the second derivative of 1/6*a**3 - 7/12*a**4 + 0 - 2*a - 2*a**2 + 1/20*a**5. Determine b(7).
3
Let d(u) be the third derivative of 0 - 7/24*u**4 + 1/60*u**5 - 9*u**2 + 3/2*u**3 + 0*u. Suppose 5*p + 29 = 5*a - 11, -4*a - 5*p = -14. Determine d(a).
3
Let w be (-5)/(-10) - 27/(-6). Let c(j) = 236 - 6*j - 2*j**2 + 4*j**2 - 234. Calculate c(w).
22
Let u(j) = 2*j**2 + 15*j + 10. Let l = -464 - -458. What is u(l)?
-8
Let p(f) be the first derivative of -f**2 - 13*f - 349. Give p(-4).
-5
Let s(q) = -4*q - 2. Let f = -182 + 134. Let j be (24/(-21))/4 + f/(-21). Give s(j).
-10
Let j be 3/3 - 5 - -22. Let k(u) = 7 + 11 + u - j. Determine k(6).
6
Let m(y) = y*